der when 1787 is divided by 578?
53
What is the remainder when 589 is divided by 164?
97
Calculate the remainder when 8863 is divided by 1387.
541
What is the remainder when 70402 is divided by 757?
1
Calculate the remainder when 360318 is divided by 51473.
7
What is the remainder when 25045 is divided by 41?
35
What is the remainder when 3493 is divided by 21?
7
What is the remainder when 20441 is divided by 136?
41
What is the remainder when 19062 is divided by 9523?
16
What is the remainder when 168463 is divided by 4011?
1
What is the remainder when 3050 is divided by 204?
194
Calculate the remainder when 1554095 is divided by 182.
179
Calculate the remainder when 188923 is divided by 94455.
13
Calculate the remainder when 4718 is divided by 48.
14
What is the remainder when 73303 is divided by 100?
3
What is the remainder when 4226 is divided by 1210?
596
What is the remainder when 10181 is divided by 1?
0
What is the remainder when 710 is divided by 221?
47
What is the remainder when 149881 is divided by 53?
50
What is the remainder when 135841 is divided by 865?
36
What is the remainder when 55500 is divided by 11100?
0
What is the remainder when 2752981 is divided by 93?
88
What is the remainder when 18346 is divided by 87?
76
What is the remainder when 1799 is divided by 58?
1
What is the remainder when 7341 is divided by 1018?
215
Calculate the remainder when 51938 is divided by 1.
0
What is the remainder when 3082 is divided by 85?
22
Calculate the remainder when 279424 is divided by 5821.
16
Calculate the remainder when 655 is divided by 112.
95
Calculate the remainder when 103293 is divided by 137.
132
What is the remainder when 1770 is divided by 42?
6
What is the remainder when 462 is divided by 269?
193
What is the remainder when 527995 is divided by 44?
39
Calculate the remainder when 1739 is divided by 436.
431
What is the remainder when 177207 is divided by 3?
0
What is the remainder when 221090 is divided by 34?
22
Calculate the remainder when 46449 is divided by 46421.
28
Calculate the remainder when 21712 is divided by 10843.
26
What is the remainder when 55465 is divided by 23?
12
What is the remainder when 444764 is divided by 149?
148
Calculate the remainder when 3114 is divided by 23.
9
What is the remainder when 92206 is divided by 12?
10
Calculate the remainder when 71299 is divided by 31.
30
What is the remainder when 4019 is divided by 394?
79
What is the remainder when 3275 is divided by 926?
497
Calculate the remainder when 26462 is divided by 79.
76
Calculate the remainder when 2640 is divided by 2456.
184
What is the remainder when 2988 is divided by 1490?
8
Calculate the remainder when 1003190 is divided by 651.
650
Calculate the remainder when 4131 is divided by 39.
36
Calculate the remainder when 15848 is divided by 466.
4
Calculate the remainder when 9474 is divided by 179.
166
What is the remainder when 3512590 is divided by 141?
139
What is the remainder when 4529 is divided by 2035?
459
What is the remainder when 51503 is divided by 99?
23
What is the remainder when 80605 is divided by 235?
0
What is the remainder when 68958 is divided by 24?
6
Calculate the remainder when 3687 is divided by 459.
15
What is the remainder when 504870 is divided by 10?
0
What is the remainder when 86494 is divided by 16?
14
What is the remainder when 21735 is divided by 112?
7
Calculate the remainder when 4577 is divided by 132.
89
What is the remainder when 3236 is divided by 539?
2
Calculate the remainder when 14577 is divided by 44.
13
Calculate the remainder when 113747 is divided by 262.
39
Calculate the remainder when 2008 is divided by 774.
460
What is the remainder when 9748 is divided by 18?
10
Calculate the remainder when 219068 is divided by 22.
14
Calculate the remainder when 216028 is divided by 10287.
1
Calculate the remainder when 4393 is divided by 26.
25
Calculate the remainder when 608 is divided by 167.
107
Calculate the remainder when 947986 is divided by 12.
10
What is the remainder when 198 is divided by 31?
12
Calculate the remainder when 11966 is divided by 133.
129
What is the remainder when 48504 is divided by 111?
108
What is the remainder when 33640 is divided by 13?
9
Calculate the remainder when 890 is divided by 102.
74
Calculate the remainder when 13806 is divided by 206.
4
Calculate the remainder when 13771 is divided by 37.
7
Calculate the remainder when 354306 is divided by 684.
678
Calculate the remainder when 153003 is divided by 1366.
11
Calculate the remainder when 241568 is divided by 621.
620
Calculate the remainder when 17980 is divided by 428.
4
What is the remainder when 7430 is divided by 637?
423
Calculate the remainder when 41033 is divided by 41002.
31
What is the remainder when 9045 is divided by 833?
715
What is the remainder when 60239 is divided by 59?
0
Calculate the remainder when 83184 is divided by 27727.
3
Calculate the remainder when 12245 is divided by 1112.
13
Calculate the remainder when 16385 is divided by 293.
270
What is the remainder when 114629 is divided by 283?
14
Calculate the remainder when 28538 is divided by 78.
68
Calculate the remainder when 23663 is divided by 177.
122
Calculate the remainder when 276049 is divided by 137994.
61
What is the remainder when 15877 is divided by 201?
199
Calculate the remainder when 1516 is divided by 500.
16
Calculate the remainder when 5484 is divided by 737.
325
Calculate the remainder when 1336 is divided by 188.
20
Calculate the remainder when 56958 is divided by 356.
354
What is the remainder when 225910 is divided by 137?
134
What is the remainder when 50645 is divided by 469?
462
What is the remainder when 74262 is divided by 1375?
12
Calculate the remainder when 4535 is divided by 759.
740
Calculate the remainder when 302954 is divided by 851.
849
Calculate the remainder when 117368 is divided by 39110.
38
What is the remainder when 113240 is divided by 293?
142
What is the remainder when 9896 is divided by 582?
2
Calculate the remainder when 77399 is divided by 430.
429
Calculate the remainder when 100417 is divided by 97.
22
What is the remainder when 3519 is divided by 55?
54
What is the remainder when 6413 is divided by 68?
21
What is the remainder when 4130 is divided by 647?
248
Calculate the remainder when 127833 is divided by 28.
13
What is the remainder when 465 is divided by 67?
63
What is the remainder when 77660 is divided by 8?
4
What is the remainder when 5234 is divided by 40?
34
Calculate the remainder when 45026 is divided by 89.
81
What is the remainder when 23518 is divided by 80?
78
Calculate the remainder when 8769 is divided by 33.
24
Calculate the remainder when 11458019 is divided by 42.
41
What is the remainder when 158884 is divided by 13?
11
What is the remainder when 1386 is divided by 55?
11
What is the remainder when 4671 is divided by 4515?
156
What is the remainder when 98636 is divided by 2529?
5
What is the remainder when 1498 is divided by 318?
226
What is the remainder when 987973 is divided by 436?
433
What is the remainder when 12545628 is divided by 1619?
1616
What is the remainder when 27835 is divided by 214?
15
Calculate the remainder when 5212 is divided by 5198.
14
What is the remainder when 6355 is divided by 6342?
13
What is the remainder when 2517 is divided by 140?
137
What is the remainder when 5733 is divided by 1901?
30
What is the remainder when 1733 is divided by 393?
161
Calculate the remainder when 7198 is divided by 23.
22
What is the remainder when 17826 is divided by 100?
26
Calculate the remainder when 1170 is divided by 221.
65
What is the remainder when 43293 is divided by 1172?
1101
What is the remainder when 1894321 is divided by 46?
41
What is the remainder when 3086 is divided by 89?
60
Calculate the remainder when 254776 is divided by 127384.
8
What is the remainder when 48318 is divided by 320?
318
Calculate the remainder when 21351 is divided by 596.
491
What is the remainder when 2902 is divided by 168?
46
What is the remainder when 226207 is divided by 2407?
2356
What is the remainder when 5310 is divided by 551?
351
Calculate the remainder when 4858 is divided by 374.
370
Calculate the remainder when 31696 is divided by 675.
646
What i